62490?
2, 5, 229, 1381
List the prime factors of 4953928.
2, 7, 88463
List the prime factors of 104447.
7, 43, 347
What are the prime factors of 5714773?
197, 29009
What are the prime factors of 5228228?
2, 1307057
What are the prime factors of 166433?
149, 1117
List the prime factors of 2145298.
2, 17, 63097
What are the prime factors of 39718?
2, 7, 2837
What are the prime factors of 21036402?
2, 3, 389563
List the prime factors of 985319.
89, 11071
List the prime factors of 105635.
5, 37, 571
List the prime factors of 681127.
681127
List the prime factors of 9485278.
2, 11, 241, 1789
List the prime factors of 11199.
3, 3733
List the prime factors of 4238345.
5, 71, 11939
List the prime factors of 233860.
2, 5, 11, 1063
What are the prime factors of 17304123?
3, 37, 155893
List the prime factors of 1638501.
3, 151, 3617
List the prime factors of 518277.
3, 172759
What are the prime factors of 93000?
2, 3, 5, 31
List the prime factors of 1044061.
67, 15583
List the prime factors of 108360.
2, 3, 5, 7, 43
List the prime factors of 3961877.
3961877
List the prime factors of 1891978.
2, 11, 85999
What are the prime factors of 9523910?
2, 5, 11, 17, 463
List the prime factors of 147297.
3, 37, 1327
What are the prime factors of 11673878?
2, 5836939
What are the prime factors of 344454?
2, 3, 11, 17, 307
List the prime factors of 41486.
2, 20743
List the prime factors of 115359.
3, 38453
What are the prime factors of 185438?
2, 11, 8429
List the prime factors of 426242.
2, 29, 7349
List the prime factors of 1391423.
11, 126493
What are the prime factors of 1226085?
3, 5, 7, 11677
What are the prime factors of 5105929?
2011, 2539
List the prime factors of 5606274.
2, 3, 149, 6271
What are the prime factors of 2586477?
3, 862159
List the prime factors of 3411159.
3, 41, 27733
What are the prime factors of 327920?
2, 5, 4099
List the prime factors of 11754046.
2, 19, 309317
What are the prime factors of 14156066?
2, 7078033
List the prime factors of 131894.
2, 7, 9421
List the prime factors of 2084731.
11, 79, 2399
What are the prime factors of 144430?
2, 5, 11, 13, 101
List the prime factors of 29924.
2, 7481
List the prime factors of 4891691.
7, 29, 24097
What are the prime factors of 116154?
2, 3, 239
List the prime factors of 8029782.
2, 3, 59, 7561
List the prime factors of 7550891.
7550891
What are the prime factors of 2321137?
7, 13, 23, 1109
What are the prime factors of 3661708?
2, 43, 61, 349
List the prime factors of 372964.
2, 93241
List the prime factors of 507697.
507697
List the prime factors of 1902306.
2, 3, 7, 45293
List the prime factors of 13512.
2, 3, 563
What are the prime factors of 2568133?
31, 37, 2239
What are the prime factors of 136391?
17, 71, 113
What are the prime factors of 5418305?
5, 509, 2129
What are the prime factors of 531500?
2, 5, 1063
List the prime factors of 231832.
2, 28979
List the prime factors of 194044.
2, 139, 349
What are the prime factors of 1266042?
2, 3, 211007
What are the prime factors of 3190032?
2, 3, 22153
What are the prime factors of 1235868?
2, 3, 181, 569
List the prime factors of 2353548.
2, 3, 17, 83, 139
What are the prime factors of 1882586?
2, 173, 5441
List the prime factors of 5544715.
5, 11, 73, 1381
What are the prime factors of 14100987?
3, 47, 97, 1031
List the prime factors of 1040448.
2, 3, 5419
What are the prime factors of 33147?
3, 29, 127
List the prime factors of 28050077.
11, 607, 4201
What are the prime factors of 354243?
3, 118081
What are the prime factors of 12984377?
7, 1854911
List the prime factors of 1579416.
2, 3, 65809
List the prime factors of 811072.
2, 19, 23, 29
List the prime factors of 52451.
7, 59, 127
What are the prime factors of 216121?
17, 12713
List the prime factors of 338228.
2, 11, 7687
What are the prime factors of 428375?
5, 23, 149
List the prime factors of 8807135.
5, 449, 3923
What are the prime factors of 4483929?
3, 1494643
What are the prime factors of 121789?
121789
What are the prime factors of 12838877?
12838877
What are the prime factors of 165626?
2, 82813
What are the prime factors of 4333494?
2, 3, 11, 47, 127
List the prime factors of 22815398.
2, 47, 251, 967
List the prime factors of 868913.
41, 21193
What are the prime factors of 866541?
3, 13, 17, 1307
List the prime factors of 26852329.
7, 3836047
What are the prime factors of 4674384?
2, 3, 11, 13, 227
What are the prime factors of 397631?
13, 73, 419
What are the prime factors of 6989044?
2, 97, 18013
What are the prime factors of 218669?
11, 103, 193
What are the prime factors of 937647?
3, 104183
List the prime factors of 436855.
5, 41, 2131
List the prime factors of 349365.
3, 5, 23291
What are the prime factors of 8341880?
2, 5, 347, 601
List the prime factors of 315571.
17, 19, 977
What are the prime factors of 203502?
2, 3, 13, 2609
List the prime factors of 3752368.
2, 29, 8087
List the prime factors of 4744144.
2, 296509
What are the prime factors of 1814929?
1814929
What are the prime factors of 126990?
2, 3, 5, 17, 83
List the prime factors of 156535.
5, 31307
What are the prime factors of 12729739?
11, 37, 31277
What are the prime factors of 6304485?
3, 5, 11, 19, 2011
What are the prime factors of 1945454?
2, 7, 79, 1759
What are the prime factors of 1399505?
5, 113, 2477
What are the prime factors of 817934?
2, 13, 163, 193
What are the prime factors of 2244149?
1289, 1741
List the prime factors of 645918.
2, 3, 7, 13
List the prime factors of 461278.
2, 17, 13567
List the prime factors of 4968117.
3, 7, 11, 67, 107
What are the prime factors of 33386027?
47, 710341
List the prime factors of 435631.
7, 62233
List the prime factors of 11653419.
3, 3884473
List the prime factors of 1877892.
2, 3, 156491
List the prime factors of 225912.
2, 3, 9413
What are the prime factors of 2941703?
2941703
List the prime factors of 130459.
7, 18637
What are the prime factors of 280227?
3, 29, 3221
What are the prime factors of 2453381?
7, 50069
What are the prime factors of 1109301?
3, 17, 21751
List the prime factors of 303027.
3, 101009
List the prime factors of 101735.
5, 20347
List the prime factors of 135251.
211, 641
What are the prime factors of 6219037?
11, 103, 499
What are the prime factors of 140122?
2, 70061
List the prime factors of 806641.
11, 73331
What are the prime factors of 390778?
2, 195389
List the prime factors of 2438965.
5, 487793
What are the prime factors of 224498?
2, 112249
What are the prime factors of 144932?
2, 19, 1907
List the prime factors of 3614500.
2, 5, 7229
What are the prime factors of 3817768?
2, 477221
List the prime factors of 3080554.
2, 29, 53113
List the prime factors of 1983785.
5, 41, 9677
What are the prime factors of 16441412?
2, 13, 23, 59, 233
What are the prime factors of 613911?
3, 43, 4759
What are the prime factors of 2781?
3, 103
List the prime factors of 2161580.
2, 5, 108079
What are the prime factors of 4663515?
3, 5, 310901
List the prime factors of 150317.
191, 787
What are the prime factors of 3645537?
3, 7, 67, 2591
List the prime factors of 9100497.
3, 7, 433357
List the prime factors of 261128.
2, 7, 4663
What are the prime factors of 2890983?
3, 19, 67, 757
List the prime factors of 137706.
2, 3, 59, 389
List the prime factors of 19664872.
2, 2458109
What are the prime factors of 530715?
3, 5, 35381
List the prime factors of 181839.
3, 7, 1237
List the prime factors of 315882.
2, 3, 7, 23, 109
List the prime factors of 14775420.
2, 3, 5, 11, 61, 367
What are the prime factors of 5009793?
3, 1669931
List the prime factors of 627739.
7, 23, 557
List the prime factors of 39858982.
2, 17, 461, 2543
What are the prime factors of 1159644?
2, 3, 41, 2357
What are the prime factors of 34875448?
2, 823, 5297
List the prime factors of 2517129.
3, 53, 1759
What are the prime factors of 179911?
17, 19, 557
List the prime factors of 1180182.
2, 3, 239, 823
List the prime factors of 4291124.
2, 157, 6833
List the prime factors of 1534512.
2, 3, 7, 4567
List the prime factors of 558299.
7, 79757
What are the prime factors of 126166?
2, 199, 317
List the prime factors of 14246530.
2, 5, 617, 2309
What are the prime factors of 5698472?
2, 13, 157, 349
What are the prime factors of 4988385?
3, 5, 109, 113
What are the prim